{"id":1572,"date":"2018-03-27T15:15:19","date_gmt":"2018-03-27T14:15:19","guid":{"rendered":"http:\/\/www.mtr-reinsberg.de\/mtrpress\/?page_id=1572"},"modified":"2026-03-12T14:27:39","modified_gmt":"2026-03-12T13:27:39","slug":"prike","status":"publish","type":"page","link":"https:\/\/www.mtr-reinsberg.de\/mtrpress\/produkte\/prike","title":{"rendered":"PRIKE"},"content":{"rendered":"<p><a href=\"https:\/\/www.mtr-reinsberg.de\/mtrpress\/wp-content\/uploads\/2025\/05\/Download.png\"><img loading=\"lazy\" decoding=\"async\" class=\"alignnone wp-image-3011\" src=\"https:\/\/www.mtr-reinsberg.de\/mtrpress\/wp-content\/uploads\/2025\/05\/Download-300x105.png\" alt=\"\" width=\"192\" height=\"67\" srcset=\"https:\/\/www.mtr-reinsberg.de\/mtrpress\/wp-content\/uploads\/2025\/05\/Download-300x105.png 300w, https:\/\/www.mtr-reinsberg.de\/mtrpress\/wp-content\/uploads\/2025\/05\/Download.png 350w\" sizes=\"auto, (max-width: 192px) 100vw, 192px\" \/><\/a><\/p>\n<p>&nbsp;<\/p>\n<p>&nbsp;<\/p>\n<p><strong>PRIKE Classic 50 \u2013 Dein City-Style auf zwei R\u00e4dern!<\/strong><br \/>\nMit dem&nbsp;<strong>PRIKE Classic 50<\/strong>&nbsp;gleitest du stylisch und entspannt durch die Stadt. Das sportliche Retro-Design verbindet Nostalgie mit einem modernen Twist und macht dich zum Hingucker auf jeder Stra\u00dfe. Leicht, wendig und ideal f\u00fcr den Alltag, bringt er dich m\u00fchelos durch den Verkehr \u2013 und sorgt dabei f\u00fcr maximalen Fahrspa\u00df!<\/p>\n<p><a href=\"https:\/\/www.prike.de\/home.html\"><img loading=\"lazy\" decoding=\"async\" class=\"aligncenter wp-image-3262 size-medium\" src=\"https:\/\/www.mtr-reinsberg.de\/mtrpress\/wp-content\/uploads\/2026\/03\/PRIKE_Classic_VL50_silber_vr-300x263.jpg\" alt=\"\" width=\"300\" height=\"263\" srcset=\"https:\/\/www.mtr-reinsberg.de\/mtrpress\/wp-content\/uploads\/2026\/03\/PRIKE_Classic_VL50_silber_vr-300x263.jpg 300w, https:\/\/www.mtr-reinsberg.de\/mtrpress\/wp-content\/uploads\/2026\/03\/PRIKE_Classic_VL50_silber_vr-1024x896.jpg 1024w, https:\/\/www.mtr-reinsberg.de\/mtrpress\/wp-content\/uploads\/2026\/03\/PRIKE_Classic_VL50_silber_vr-768x672.jpg 768w, https:\/\/www.mtr-reinsberg.de\/mtrpress\/wp-content\/uploads\/2026\/03\/PRIKE_Classic_VL50_silber_vr-1536x1344.jpg 1536w, https:\/\/www.mtr-reinsberg.de\/mtrpress\/wp-content\/uploads\/2026\/03\/PRIKE_Classic_VL50_silber_vr.jpg 1600w\" sizes=\"auto, (max-width: 300px) 100vw, 300px\" \/><\/a><\/p>\n<p>&nbsp;<\/p>\n<p style=\"text-align: center;\">Bitte Bild anklicken ! Durch Anklicken des Bildes werden Sie zur aktuellen Produktpalette auf Prike.de weitergeleitet.<\/p>\n<p><span style=\"color: #008080;\">Alle Markennamen, Logos und Fahrzeugbilder sind Eigentum des jeweiligen Herstellers und urheberrechtlich gesch\u00fctzt. Jegliches Kopieren oder Benutzen dieser darf nur durch ausdr\u00fcckliche Erlaubnis des jeweiligen Herstellers geschehen.<\/span><\/p>\n<p style=\"text-align: left;\">&nbsp; &nbsp; &nbsp; &nbsp; &nbsp; &nbsp; &nbsp; &nbsp; &nbsp; &nbsp; &nbsp; &nbsp; &nbsp; &nbsp; &nbsp; &nbsp; &nbsp; &nbsp; &nbsp; &nbsp; &nbsp; &nbsp; &nbsp; &nbsp; &nbsp; &nbsp; &nbsp; &nbsp; &nbsp; &nbsp; &nbsp; &nbsp; &nbsp; &nbsp; &nbsp; &nbsp; &nbsp; &nbsp; &nbsp; &nbsp; &nbsp; &nbsp; &nbsp; &nbsp; &nbsp; &nbsp; &nbsp; &nbsp; &nbsp; &nbsp; &nbsp; &nbsp; &nbsp; &nbsp; &nbsp; &nbsp; &nbsp; &nbsp; &nbsp; &nbsp; &nbsp; &nbsp; &nbsp; &nbsp; &nbsp; &nbsp; &nbsp; &nbsp; &nbsp; &nbsp; &nbsp; &nbsp; &nbsp; &nbsp; &nbsp; &nbsp; &nbsp; &nbsp; &nbsp; &nbsp; &nbsp; &nbsp; &nbsp; &nbsp; &nbsp; &nbsp; &nbsp; &nbsp; &nbsp; &nbsp; &nbsp; &nbsp; &nbsp; &nbsp; &nbsp; &nbsp; &nbsp; &nbsp;<\/p>\n<div class=\"vc_col-sm-6 wpb_column column_container vc_column_container col padding-5-percent instance-2\" data-animation=\"\" data-bg-opacity=\"1\" data-hover-bg-opacity=\"1\" data-delay=\"0\" data-bg-cover=\"\" data-bg-color=\"\" data-padding-pos=\"all\" data-hover-bg=\"\" data-has-bg-color=\"false\">\n<div style=\"text-align: right;\">&nbsp;<\/div>\n<\/div>\n","protected":false},"excerpt":{"rendered":"<p>&nbsp; &nbsp; PRIKE Classic 50 \u2013 Dein City-Style auf zwei R\u00e4dern! Mit dem&nbsp;PRIKE Classic 50&nbsp;gleitest du stylisch und entspannt durch die Stadt. Das sportliche Retro-Design verbindet Nostalgie mit einem modernen Twist und macht dich zum Hingucker auf jeder Stra\u00dfe. Leicht, wendig und ideal f\u00fcr den Alltag, bringt er dich m\u00fchelos durch den Verkehr \u2013 und [&hellip;]<\/p>\n","protected":false},"author":1,"featured_media":0,"parent":35,"menu_order":2,"comment_status":"closed","ping_status":"closed","template":"","meta":{"ngg_post_thumbnail":0,"footnotes":""},"class_list":["post-1572","page","type-page","status-publish","hentry"],"yoast_head":"<!-- This site is optimized with the Yoast SEO plugin v21.5 - https:\/\/yoast.com\/wordpress\/plugins\/seo\/ -->\n<title>PRIKE - MTR-Reinsberg - Seit \u00fcber 30 Jahren Motorroller in Hamburg<\/title>\n<meta name=\"robots\" content=\"index, follow, max-snippet:-1, max-image-preview:large, max-video-preview:-1\" \/>\n<link rel=\"canonical\" href=\"https:\/\/www.mtr-reinsberg.de\/mtrpress\/produkte\/prike\" \/>\n<meta property=\"og:locale\" content=\"de_DE\" \/>\n<meta property=\"og:type\" content=\"article\" \/>\n<meta property=\"og:title\" content=\"PRIKE - MTR-Reinsberg - Seit \u00fcber 30 Jahren Motorroller in Hamburg\" \/>\n<meta property=\"og:description\" content=\"&nbsp; &nbsp; PRIKE Classic 50 \u2013 Dein City-Style auf zwei R\u00e4dern! Mit dem&nbsp;PRIKE Classic 50&nbsp;gleitest du stylisch und entspannt durch die Stadt. Das sportliche Retro-Design verbindet Nostalgie mit einem modernen Twist und macht dich zum Hingucker auf jeder Stra\u00dfe. Leicht, wendig und ideal f\u00fcr den Alltag, bringt er dich m\u00fchelos durch den Verkehr \u2013 und [&hellip;]\" \/>\n<meta property=\"og:url\" content=\"https:\/\/www.mtr-reinsberg.de\/mtrpress\/produkte\/prike\" \/>\n<meta property=\"og:site_name\" content=\"MTR-Reinsberg - Seit \u00fcber 30 Jahren Motorroller in Hamburg\" \/>\n<meta property=\"article:modified_time\" content=\"2026-03-12T13:27:39+00:00\" \/>\n<meta property=\"og:image\" content=\"https:\/\/www.mtr-reinsberg.de\/mtrpress\/wp-content\/uploads\/2025\/05\/Download-300x105.png\" \/>\n<meta name=\"twitter:card\" content=\"summary_large_image\" \/>\n<meta name=\"twitter:label1\" content=\"Gesch\u00e4tzte Lesezeit\" \/>\n\t<meta name=\"twitter:data1\" content=\"1\u00a0Minute\" \/>\n<script type=\"application\/ld+json\" class=\"yoast-schema-graph\">{\"@context\":\"https:\/\/schema.org\",\"@graph\":[{\"@type\":\"WebPage\",\"@id\":\"https:\/\/www.mtr-reinsberg.de\/mtrpress\/produkte\/prike\",\"url\":\"https:\/\/www.mtr-reinsberg.de\/mtrpress\/produkte\/prike\",\"name\":\"PRIKE - MTR-Reinsberg - Seit \u00fcber 30 Jahren Motorroller in Hamburg\",\"isPartOf\":{\"@id\":\"https:\/\/www.mtr-reinsberg.de\/mtrpress\/#website\"},\"datePublished\":\"2018-03-27T14:15:19+00:00\",\"dateModified\":\"2026-03-12T13:27:39+00:00\",\"breadcrumb\":{\"@id\":\"https:\/\/www.mtr-reinsberg.de\/mtrpress\/produkte\/prike#breadcrumb\"},\"inLanguage\":\"de\",\"potentialAction\":[{\"@type\":\"ReadAction\",\"target\":[\"https:\/\/www.mtr-reinsberg.de\/mtrpress\/produkte\/prike\"]}]},{\"@type\":\"BreadcrumbList\",\"@id\":\"https:\/\/www.mtr-reinsberg.de\/mtrpress\/produkte\/prike#breadcrumb\",\"itemListElement\":[{\"@type\":\"ListItem\",\"position\":1,\"name\":\"Startseite\",\"item\":\"https:\/\/www.mtr-reinsberg.de\/mtrpress\/\"},{\"@type\":\"ListItem\",\"position\":2,\"name\":\"Produkte\",\"item\":\"https:\/\/www.mtr-reinsberg.de\/mtrpress\/produkte\"},{\"@type\":\"ListItem\",\"position\":3,\"name\":\"PRIKE\"}]},{\"@type\":\"WebSite\",\"@id\":\"https:\/\/www.mtr-reinsberg.de\/mtrpress\/#website\",\"url\":\"https:\/\/www.mtr-reinsberg.de\/mtrpress\/\",\"name\":\"MTR-Reinsberg - Seit \u00fcber 30 Jahren Motorroller in Hamburg\",\"description\":\"SYM-, Luxxon-, und Prike Vertragsh\u00e4ndler sowie Servicewerkstatt f\u00fcr Piaggio, Vespa, Kymco und Peugeot\",\"publisher\":{\"@id\":\"https:\/\/www.mtr-reinsberg.de\/mtrpress\/#organization\"},\"potentialAction\":[{\"@type\":\"SearchAction\",\"target\":{\"@type\":\"EntryPoint\",\"urlTemplate\":\"https:\/\/www.mtr-reinsberg.de\/mtrpress\/?s={search_term_string}\"},\"query-input\":\"required name=search_term_string\"}],\"inLanguage\":\"de\"},{\"@type\":\"Organization\",\"@id\":\"https:\/\/www.mtr-reinsberg.de\/mtrpress\/#organization\",\"name\":\"MTR-Reinsberg\",\"url\":\"https:\/\/www.mtr-reinsberg.de\/mtrpress\/\",\"logo\":{\"@type\":\"ImageObject\",\"inLanguage\":\"de\",\"@id\":\"https:\/\/www.mtr-reinsberg.de\/mtrpress\/#\/schema\/logo\/image\/\",\"url\":\"https:\/\/www.mtr-reinsberg.de\/mtrpress\/wp-content\/uploads\/2019\/05\/cropped-Logo-neu.jpg\",\"contentUrl\":\"https:\/\/www.mtr-reinsberg.de\/mtrpress\/wp-content\/uploads\/2019\/05\/cropped-Logo-neu.jpg\",\"width\":331,\"height\":263,\"caption\":\"MTR-Reinsberg\"},\"image\":{\"@id\":\"https:\/\/www.mtr-reinsberg.de\/mtrpress\/#\/schema\/logo\/image\/\"}}]}<\/script>\n<!-- \/ Yoast SEO plugin. -->","yoast_head_json":{"title":"PRIKE - MTR-Reinsberg - Seit \u00fcber 30 Jahren Motorroller in Hamburg","robots":{"index":"index","follow":"follow","max-snippet":"max-snippet:-1","max-image-preview":"max-image-preview:large","max-video-preview":"max-video-preview:-1"},"canonical":"https:\/\/www.mtr-reinsberg.de\/mtrpress\/produkte\/prike","og_locale":"de_DE","og_type":"article","og_title":"PRIKE - MTR-Reinsberg - Seit \u00fcber 30 Jahren Motorroller in Hamburg","og_description":"&nbsp; &nbsp; PRIKE Classic 50 \u2013 Dein City-Style auf zwei R\u00e4dern! Mit dem&nbsp;PRIKE Classic 50&nbsp;gleitest du stylisch und entspannt durch die Stadt. Das sportliche Retro-Design verbindet Nostalgie mit einem modernen Twist und macht dich zum Hingucker auf jeder Stra\u00dfe. Leicht, wendig und ideal f\u00fcr den Alltag, bringt er dich m\u00fchelos durch den Verkehr \u2013 und [&hellip;]","og_url":"https:\/\/www.mtr-reinsberg.de\/mtrpress\/produkte\/prike","og_site_name":"MTR-Reinsberg - Seit \u00fcber 30 Jahren Motorroller in Hamburg","article_modified_time":"2026-03-12T13:27:39+00:00","og_image":[{"url":"https:\/\/www.mtr-reinsberg.de\/mtrpress\/wp-content\/uploads\/2025\/05\/Download-300x105.png"}],"twitter_card":"summary_large_image","twitter_misc":{"Gesch\u00e4tzte Lesezeit":"1\u00a0Minute"},"schema":{"@context":"https:\/\/schema.org","@graph":[{"@type":"WebPage","@id":"https:\/\/www.mtr-reinsberg.de\/mtrpress\/produkte\/prike","url":"https:\/\/www.mtr-reinsberg.de\/mtrpress\/produkte\/prike","name":"PRIKE - MTR-Reinsberg - Seit \u00fcber 30 Jahren Motorroller in Hamburg","isPartOf":{"@id":"https:\/\/www.mtr-reinsberg.de\/mtrpress\/#website"},"datePublished":"2018-03-27T14:15:19+00:00","dateModified":"2026-03-12T13:27:39+00:00","breadcrumb":{"@id":"https:\/\/www.mtr-reinsberg.de\/mtrpress\/produkte\/prike#breadcrumb"},"inLanguage":"de","potentialAction":[{"@type":"ReadAction","target":["https:\/\/www.mtr-reinsberg.de\/mtrpress\/produkte\/prike"]}]},{"@type":"BreadcrumbList","@id":"https:\/\/www.mtr-reinsberg.de\/mtrpress\/produkte\/prike#breadcrumb","itemListElement":[{"@type":"ListItem","position":1,"name":"Startseite","item":"https:\/\/www.mtr-reinsberg.de\/mtrpress\/"},{"@type":"ListItem","position":2,"name":"Produkte","item":"https:\/\/www.mtr-reinsberg.de\/mtrpress\/produkte"},{"@type":"ListItem","position":3,"name":"PRIKE"}]},{"@type":"WebSite","@id":"https:\/\/www.mtr-reinsberg.de\/mtrpress\/#website","url":"https:\/\/www.mtr-reinsberg.de\/mtrpress\/","name":"MTR-Reinsberg - Seit \u00fcber 30 Jahren Motorroller in Hamburg","description":"SYM-, Luxxon-, und Prike Vertragsh\u00e4ndler sowie Servicewerkstatt f\u00fcr Piaggio, Vespa, Kymco und Peugeot","publisher":{"@id":"https:\/\/www.mtr-reinsberg.de\/mtrpress\/#organization"},"potentialAction":[{"@type":"SearchAction","target":{"@type":"EntryPoint","urlTemplate":"https:\/\/www.mtr-reinsberg.de\/mtrpress\/?s={search_term_string}"},"query-input":"required name=search_term_string"}],"inLanguage":"de"},{"@type":"Organization","@id":"https:\/\/www.mtr-reinsberg.de\/mtrpress\/#organization","name":"MTR-Reinsberg","url":"https:\/\/www.mtr-reinsberg.de\/mtrpress\/","logo":{"@type":"ImageObject","inLanguage":"de","@id":"https:\/\/www.mtr-reinsberg.de\/mtrpress\/#\/schema\/logo\/image\/","url":"https:\/\/www.mtr-reinsberg.de\/mtrpress\/wp-content\/uploads\/2019\/05\/cropped-Logo-neu.jpg","contentUrl":"https:\/\/www.mtr-reinsberg.de\/mtrpress\/wp-content\/uploads\/2019\/05\/cropped-Logo-neu.jpg","width":331,"height":263,"caption":"MTR-Reinsberg"},"image":{"@id":"https:\/\/www.mtr-reinsberg.de\/mtrpress\/#\/schema\/logo\/image\/"}}]}},"_links":{"self":[{"href":"https:\/\/www.mtr-reinsberg.de\/mtrpress\/wp-json\/wp\/v2\/pages\/1572","targetHints":{"allow":["GET"]}}],"collection":[{"href":"https:\/\/www.mtr-reinsberg.de\/mtrpress\/wp-json\/wp\/v2\/pages"}],"about":[{"href":"https:\/\/www.mtr-reinsberg.de\/mtrpress\/wp-json\/wp\/v2\/types\/page"}],"author":[{"embeddable":true,"href":"https:\/\/www.mtr-reinsberg.de\/mtrpress\/wp-json\/wp\/v2\/users\/1"}],"replies":[{"embeddable":true,"href":"https:\/\/www.mtr-reinsberg.de\/mtrpress\/wp-json\/wp\/v2\/comments?post=1572"}],"version-history":[{"count":23,"href":"https:\/\/www.mtr-reinsberg.de\/mtrpress\/wp-json\/wp\/v2\/pages\/1572\/revisions"}],"predecessor-version":[{"id":3263,"href":"https:\/\/www.mtr-reinsberg.de\/mtrpress\/wp-json\/wp\/v2\/pages\/1572\/revisions\/3263"}],"up":[{"embeddable":true,"href":"https:\/\/www.mtr-reinsberg.de\/mtrpress\/wp-json\/wp\/v2\/pages\/35"}],"wp:attachment":[{"href":"https:\/\/www.mtr-reinsberg.de\/mtrpress\/wp-json\/wp\/v2\/media?parent=1572"}],"curies":[{"name":"wp","href":"https:\/\/api.w.org\/{rel}","templated":true}]}}